j(l).
2, 3
Suppose -2*y - 1 = -5*f - 7, -5*f + 4*y = 12. Let w be -2 - (f/(-3) + -2). Suppose -2*n + 4*u - 12 = w, -2*n - 4*u + 14 = -6. What are the prime factors of n?
2
What are the prime factors of 1/(-5) + 2008/40?
2, 5
Suppose 1205 = 18*h - 13*h. What are the prime factors of h?
241
Let o(m) = -3*m + 10. What are the prime factors of o(-7)?
31
Suppose -5*m - b + 0*b + 283 = 0, -4*m - 4*b + 236 = 0. What are the prime factors of m?
2, 7
List the prime factors of (-231)/(-49) - (-4)/14.
5
Suppose m - 135 = -4*m + 4*z, m = -5*z - 2. List the prime factors of m.
23
Suppose -4*w - 29 = -245. List the prime factors of w.
2, 3
Let b(i) = 2*i**2 - 3*i + 1. List the prime factors of b(5).
2, 3
Let g(d) = -2*d**3 - 3*d**2 + 2. Let a be g(2). Let z = -1 - a. What are the prime factors of z?
5
Let v be 8/(1 + -3 - -4). Suppose c + v*c + 103 = 4*w, -2*w + 4*c = -44. List the prime factors of w.
2
Let b = 188 + 11. List the prime factors of b.
199
Let n = 11 - 6. Suppose 0*t - 42 = -3*t + 3*x, -n*t - 2*x + 49 = 0. What are the prime factors of t?
11
Suppose -r = 4*r + 3*c - 412, -3*r + 246 = 3*c. What are the prime factors of r?
83
Let v(z) = z**2 + 7*z + 8. Let b be v(-6). Suppose -y - b = -4. Suppose -2*d + 11 = l, 3*d + y*l = -3*l - 1. What are the prime factors of d?
2
Suppose -2*c - x + 62 = 0, -3*x = 4*c - 6*x - 124. List the prime factors of c.
31
Let b = 15 + -11. Suppose b*u = 16 + 40. What are the prime factors of u?
2, 7
Let q = -29 - -54. Let r = q + -13. List the prime factors of r.
2, 3
Let y(j) = -4*j**2 + 0*j**2 - j**3 + 0*j**3 - 3 - 4*j. Let n be y(-3). Let h = 3 + n. What are the prime factors of h?
3
Suppose -53 - 400 = -t. What are the prime factors of t/27 - (-4)/18?
17
Let j be 18/15*(-2 + -3). Let f(h) = h**3 + 8*h**2 + 3*h + 8. Let l be f(j). Suppose -5*y - 3*c + l = 0, -4*y + 56 = 4*c - 8*c. List the prime factors of y.
13
Let l be (-3 - -3)/(1 - 0). Suppose 3*m - 4*q - 43 - 48 = 0, 0 = -m - 3*q + 13. Suppose -5*n + m = l, -2*n = 3*y - 3*n - 13. List the prime factors of y.
2, 3
Suppose 2*q = 3*q - 2. Let c be -46*q/(3 + 1). Let m = c + 38. What are the prime factors of m?
3, 5
Let s(y) = -3*y**3 + y - 3*y**2 + y**3 + y**3. Let n be s(-3). List the prime factors of ((-12)/(-8))/(n/(-32)).
2
Let y(s) = s**2 + s - 2. Let n(a) = 2*a - 3. Let o be n(-2). List the prime factors of y(o).
2, 5
Let j(g) be the first derivative of g**2 - 8*g - 1. Let c be j(6). Suppose c*y - 3*o - 37 = 2*o, y + o = 7. List the prime factors of y.
2
Suppose 4*i - 4 = 2*f, f + 2*f + 5*i - 27 = 0. What are the prime factors of f?
2
Let f(d) = d**3 + 4*d**2 + 3*d + 1. Let w be f(-2). List the prime factors of 12/9 - (-2)/w.
2
Let c = 3 - -2. Suppose 5 = -c*f + 30. Suppose -4*i - 46 = -f*p - 4, -58 = -5*p - 4*i. What are the prime factors of p?
2, 5
Suppose 0*a = 4*z - 2*a - 456, -320 = -3*z - 4*a. What are the prime factors of z?
2, 7
Let u(w) = -w**2 - 6*w - 1. Let m be u(-5). List the prime factors of (-43)/(-4) + 1/m.
11
Suppose -2*s + 1 = 7. Let g(x) be the second derivative of -x**5/20 - x**4/6 + x**3/6 + x**2 - 8*x. What are the prime factors of g(s)?
2
Suppose -6*j = -92 + 2. List the prime factors of j.
3, 5
Suppose 2*i = 5*r - 29, -5*r - 2*i + 8 = -13. What are the prime factors of (-2)/r - (-12)/5?
2
Let p = 60 - 53. What are the prime factors of p?
7
Let t = 4 - 4. Suppose t = y - 0 - 7. What are the prime factors of y?
7
Let f = 8 - -25. Let k = 63 - f. What are the prime factors of k?
2, 3, 5
Let p be -3*(0 + 3/9). Let n = 4 + p. Suppose -y - 1 + n = 0. What are the prime factors of y?
2
Let h = 1 - 3. Let q = h + 5. What are the prime factors of q?
3
Let p = 2 + 1. Suppose l = 2*g - 2*l - 61, p*l - 3 = 0. Suppose -5*m = -4*t + 27 + 7, g = 2*t + 5*m. List the prime factors of t.
11
Suppose 0 = 5*p - 239 - 606. What are the prime factors of p?
13
Suppose -5*r - 3 = -53. Suppose -r - 18 = -n. Let k = n - 11. List the prime factors of k.
17
Suppose 3*y - 5*b - 515 = 0, 0*b = -4*y + b + 681. What are the prime factors of y?
2, 5, 17
Let s(c) = c**2 - 12*c + 1. Let l be s(11). Let t = l + 33. List the prime factors of t.
23
Let x be (3 + 2)/((-1)/(-4)). List the prime factors of x + (6/2 - 1).
2, 11
Let y(g) = 14*g**2 - 4*g - 3. What are the prime factors of y(-3)?
3, 5
Let n = 1 - -6. List the prime factors of n.
7
Let s(i) = 4*i**2 + 4*i - 4. What are the prime factors of s(-4)?
2, 11
Suppose -p = -6*p - 10, 2*r = -5*p + 16. What are the prime factors of r?
13
Suppose 37 = b + 4*p - 121, 0 = -b - 2*p + 158. What are the prime factors of b?
2, 79
Let i = 4 - -7. Let x = i - 6. List the prime factors of x.
5
List the prime factors of 3 + -1 + 1 - -50.
53
What are the prime factors of (170/4)/(2/4)?
5, 17
Suppose -3*n = -5*b + 56, b + 3*n = 3*b - 26. Suppose 0 = -13*d + b*d + 66. List the prime factors of d.
2, 11
Let w be 1 + (5 - 8/4). Suppose -w*p + 78 = -14. What are the prime factors of p?
23
Suppose 20 = t + t. Suppose t = -y + 3*a, -12 = 2*y - 4*a - 0. Suppose -y*s + 22 = -0*s. List the prime factors of s.
11
Suppose 3*z - 5*a = 138, 6*a + 195 = 4*z + 3*a. What are the prime factors of z?
3, 17
Let t(n) = n**3 - 5*n**2 - 3*n + 2. Let x(m) = -3*m**3 + 10*m**2 + 6*m - 5. Let s(y) = 5*t(y) + 2*x(y). What are the prime factors of s(-5)?
3, 5
Suppose -x + 2 = -w - 4, 5*w = x - 14. Suppose -x*b - 5*q + 25 = 0, -b + 0*q + 4 = -q. List the prime factors of b.
5
Let y(q) be the second derivative of 0*q**2 - 4/3*q**3 + 0 - 1/12*q**4 + 2*q. List the prime factors of y(-5).
3, 5
Let y(a) = a + 1. Let s be y(3). Let x be (-2 + 0)/(-4)*s. Suppose -7 = -t - 4*q, 2*t - q = x*q + 3. What are the prime factors of t?
3
Let z be 3 - 0 - (-13 - -13). Let d(p) = p**2 + 5*p - 2. Let f be d(-6). Suppose -4*l - 3*o + 20 + f = 0, -3*l + 15 = z*o. What are the prime factors of l?
3
List the prime factors of -159*(-1 - (-1)/3).
2, 53
Suppose 77 = 3*f - 4. What are the prime factors of f?
3
Let y(b) = -161*b + 7. What are the prime factors of y(-1)?
2, 3, 7
Let i = 2 + 5. List the prime factors of (-86)/(-7) - 2/i.
2, 3
Let i = 9 - 6. Suppose 0 = -3*f - 2*f + i*s + 17, -5*f = 5*s - 25. List the prime factors of f.
2
Let u(h) = -h**2 - 16*h + 17. What are the prime factors of u(-12)?
5, 13
Let o = 6 + -5. Suppose 6 - 14 = 4*y, -3*y + o = x. What are the prime factors of x?
7
Let x(b) = -b**3 + b**2 + b + 3. Let h be 2 - (-2)/(3 + -4). What are the prime factors of x(h)?
3
Suppose -z = 4*w - 52, -w - 4*w - 16 = -z. Let d = -18 + z. Suppose -8*a = -5*a - d. What are the prime factors of a?
2, 3
Let q be 3*2/2 + 4. Suppose 2 = 5*l + 4*u, -3*l + q = -2*u - 3. What are the prime factors of l?
2
Suppose d + 3 = -p - 4*d, 2*d + 6 = 0. List the prime factors of p.
2, 3
Suppose 2*g = -5*b + 69, 0 = -g - 2*b + 47 - 15. What are the prime factors of g?
2, 11
Suppose -j + 8 = j. Suppose -3 = -j*n + 9. Suppose 0 = 3*f + f - 8, n*m - 31 = -5*f. What are the prime factors of m?
7
Let a = 514 + -339. What are the prime factors of a?
5, 7
Suppose 51 + 152 = u. What are the prime factors of u?
7, 29
Let i = 20 - 12. Suppose 4*n + i = -3*b, b + 3*b + 5*n = -10. Suppose b = p + p - 20. What are the prime factors of p?
2, 5
Suppose -2*w = 12 - 0. Let l(u) = u**2 + 2*u. Let n be l(-4). Let d = w + n. What are the prime factors of d?
2
Suppose 15 = k + 3. List the prime factors of k.
2, 3
Suppose 8 - 2 = -3*b. Let s be -82 + (2 - 2 - b). List the prime factors of (7/(-14))/(2/s).
2, 5
Let a = -4 - 17. Suppose 0 = -4*z - 35 - 77. List the prime factors of 58/8 + a/z.
2
Let y(g) be the second derivative of g**3/6 + 12*g**2 - 3*g. What are the prime factors of y(0)?
2, 3
List the prime factors of -19*(-4 + -5) + -4.
167
Let x = -12 + 14. Suppose -3*q = -x*q - 9. What are the prime factors of q?
3
Let z be 6/15 + (-48)/(-5). Suppose -4 = 2*q - 2*r + z, 0 = q + 5*r + 1. List the prime factors of 4/(-6) - 22/q.
3
Suppose 2*z - 48 = 10. List the prime factors of z.
29
Suppose 0 = -c - 3*a + 16, 0 = 4*a - a - 3. What are the prime factors of c?
13
Suppose 2*q = 6*q - 24. Suppose 0 = 2*w + w - q. Suppose w*x + 2*x = 32. What are the prime factors of x?
2
Let a = -7 + 7. Suppose a = 6*d - 5*d - 12. What are the prime factors of d?
2, 3
Let w(k) = k**3 - 10*k**2 - 6*k - 12. Let q be w(11). Let c = q 